202 - -4751. What is the thousands digit of b?
3
Let h(g) = g**2 - 103*g - 7655. What is the tens digit of h(-114)?
8
What is the units digit of (8/7)/(28/118874)?
2
Suppose 5*v - 22 = -3*h, 5 = 2*h - 3*v + 3. Suppose 8*l = -h - 12. Let p(g) = -41*g. What is the units digit of p(l)?
2
Suppose -1295 - 1655 = -10*d. Suppose b + 0*g - g = d, 3*g + 291 = b. What is the tens digit of b?
9
Suppose -2*v = 3*i - 3681, 0 = 3*v + 36*i - 34*i - 5524. Suppose 1039*f - 1042*f = -v. What is the hundreds digit of f?
6
Let s(m) be the third derivative of -m**4/8 + m**3 - 28*m**2. Let h be s(-1). Suppose -h*r = -2160 + 252. What is the hundreds digit of r?
2
What is the hundreds digit of 164 + -157 + (-3)/((-3)/4090)?
0
Let f(n) = -8*n - 28. Let o be f(-12). Suppose -64*i - 1764 = -o*i. What is the units digit of i?
1
Suppose -x = 2*u - 1, 0 = 68*x - 64*x - 4. Suppose 0*s + 4*s = -j + 239, u = 3*j - 3*s - 642. What is the units digit of j?
9
Let d(v) = -26*v + 22. Let x be d(2). Let c = 235 + x. What is the hundreds digit of c?
2
Suppose -158369 = -3*t - 5*l, -3*t + 157484 = -4*l - 930. What is the hundreds digit of t?
7
Let r(i) = -i - 6. Let a be r(-4). Let g be (-13*6)/(6 + a + -5). Suppose 0 = -3*l - 3*k + g, -2*l + k = -2*k - 27. What is the tens digit of l?
2
What is the hundreds digit of (-12)/39 - 9070095/(-195)?
5
Suppose -4 = -276*k + 280*k. Let t = -22 + 24. What is the tens digit of k + t + 12 + 70?
8
Let g = -1090 - -2602. Let j = g + -961. What is the hundreds digit of j?
5
Let f(q) = -q + 1. Let s(c) = 7*c + 6*c - 24*c. Let l(r) = -f(r) + s(r). What is the units digit of l(-6)?
9
Suppose 5*d - 70 = o + 4*o, 2*o + 6 = 0. Let a = -1078 + 2350. Suppose -d*f + 3*f = -a. What is the tens digit of f?
5
Let p be 0/(2 + -4) - (-580 + 21). Let h = p + -112. What is the hundreds digit of h?
4
Let d = -39084 - -40153. What is the tens digit of d?
6
Let a(d) = 18*d**2 + 7*d + 4. Let i be a(-4). Let g = i + 16. Suppose 6*x + g = 1156. What is the tens digit of x?
4
Let i = 26188 - -51718. What is the hundreds digit of i?
9
Let i(f) be the third derivative of -f**5/15 - 11*f**4/8 - f**3/2 - 9*f**2. Let t(p) be the first derivative of i(p). What is the tens digit of t(-6)?
1
Let j be (-143)/(-55) + (0 - (-6)/(-10)). Suppose 6 = j*b - 24. Suppose -14*z + b*z = 165. What is the units digit of z?
5
Suppose 5*n + 0*n = 3*w - 15143, 0 = -3*w - 4*n + 15107. What is the tens digit of w?
4
Let x(l) = 403*l - 942. What is the thousands digit of x(58)?
2
Suppose 5754 = 3*c + 5*g, 12*g = 5*c + 8*g - 9590. Suppose 0 = -135*f + 128*f + c. What is the units digit of f?
4
Let o(s) = -44*s**3 + 2*s**2 + 2*s + 12. Let p be o(-5). Suppose 0 = 4*g + 6*h - 8*h - p, -5*g + 3*h + 6940 = 0. What is the thousands digit of g?
1
Suppose 5*n + 10*o = 5*o - 190, 0 = -n + 2*o - 32. Let p be n/(-8)*(-40)/3. Let i = p + 144. What is the units digit of i?
4
Suppose 5*n = 5*d + 11059 + 38946, -5*n + 2*d + 50011 = 0. What is the thousands digit of n?
0
Suppose 6*s = -m + 4*s - 182, -394 = 2*m - 2*s. Let r = m + 339. What is the units digit of r?
7
Let u be (24 - 10)*3*2. Suppose -u = -3*n + 462. What is the units digit of (n/13)/(4/14)?
9
Suppose 12*c - 432329 = 23275. What is the ten thousands digit of c?
3
Suppose -19*o = -2*l - 16*o + 79785, 0 = 3*l - 4*o - 119675. What is the hundreds digit of l?
8
Suppose -561*d + 36 = -552*d. Suppose -5*c - 2*u = -5779, -4072 - 556 = -d*c - 4*u. What is the tens digit of c?
5
Suppose 2*w - 4*w = 1305 - 28543. What is the thousands digit of w?
3
Let j be 4 - (-9)/((-27)/6). Suppose -q = -4*v + 21 - 6, j*v = 6. What is the tens digit of 141/(q/4*-2)?
9
Suppose 5*m + 2 = h - 1, 0 = -3*h - 3*m - 81. Let v be h/8 - (-4 + (-17)/(-4)). What is the units digit of -30*((-20)/6 - (-1)/v)?
0
Suppose 191*k = -69*k + 16996460. What is the units digit of k?
1
Suppose -9*f + 220 = -212. Suppose 46*c - f*c = -1292. What is the tens digit of c?
4
Let y(j) = 910*j**2 - 25*j + 38. What is the tens digit of y(2)?
2
Let c(j) = 23*j**3 - j**2 + 7*j - 5. Let i be c(1). Suppose 0 = -z + i - 15. What is the units digit of z?
9
Suppose 54*q - 4 = 50*q. Let f(b) = 69*b**3 - b**2 + 2*b - 2. What is the units digit of f(q)?
8
Let q(m) = m**2 - 26*m + 65. Let c be q(21). What is the units digit of 6/3*(-4)/(c/1835)?
7
Let q(i) = -i**2 + 3*i. Suppose 1 = 3*d - 5*a, -5*d + d + a + 7 = 0. Let n be q(d). Suppose -n*x + 59 = -5. What is the tens digit of x?
3
Let a(u) = -u**3 - 26*u**2 - 57*u - 18. What is the units digit of a(-25)?
2
Suppose -6*i - i - 3*i = 0. Suppose y + 2*u - 3*u - 596 = i, 5*y - 2*u - 2992 = 0. What is the hundreds digit of y?
6
Let w(x) = -x**2 - 18*x + 6. Let u be w(-13). Let a(q) = 2 + 51*q - 14 - u*q. What is the units digit of a(-4)?
8
Let r(c) = -c**3 - 18*c**2 + 19*c - 112. What is the thousands digit of r(-23)?
2
What is the tens digit of (1 + 0 + -2)*249*(-1938)/51?
6
Let h(i) be the third derivative of 2*i**5/15 + 11*i**4/24 + 14*i**3/3 - i**2 - 19*i. What is the tens digit of h(-3)?
6
Let l(f) = -22*f - 1. Let w be l(4). Let b be (9/2*-4)/((-8)/68). Let u = b + w. What is the units digit of u?
4
Let r = -102 - -248. Suppose 153*d - 1120 = r*d. What is the tens digit of d?
6
Let x be 14/4 + 4/8. Suppose -x*z - 7*w = -4*w - 1478, -w + 370 = z. What is the hundreds digit of z?
3
Suppose -81*l + 202*l = 2124760. What is the tens digit of l?
6
Suppose -5*c + 2*n = -1156, 2*c - 700 = -c - 2*n. Suppose -c = -4*z - l, l = -5*z - 4*l + 275. Suppose -180 = z*k - 61*k. What is the units digit of k?
0
Suppose 3*o - 12 = -30. Let h be -2 - (o/2 + 5 + -3). What is the tens digit of 1*(3 - h - -30)?
3
Let c(m) = 19*m**2 - 3*m - 32. Let s be c(-6). Suppose 50*a - s = 49*a. What is the hundreds digit of a?
6
Suppose -32 = f - 3*f + 4*r, -4*f + 44 = -4*r. Suppose 13*d = 10*d - f. What is the units digit of 83 - 5/(5/d)?
5
Suppose 29680 + 4167 - 1117 = 15*p. What is the thousands digit of p?
2
Let r(h) = 5*h**3 - 39*h**2 - 31*h + 35. Let c(o) = 4*o**3 - 39*o**2 - 30*o + 33. Let u(m) = 6*c(m) - 5*r(m). What is the hundreds digit of u(-39)?
9
Suppose 4*u + 14 = -w, 3*w + u - 1 = 1. Let n be (-112)/(-63) - (-2 - 16/(-9)). Suppose n*y - 22 = -s, -3*s - 3*y + w*y = -41. What is the tens digit of s?
1
Let v(x) = 25*x**2 + 6*x - 15. Let w(s) = 13*s**2 + 3*s - 8. Let h(g) = 6*v(g) - 11*w(g). Let a be h(3). What is the tens digit of (3*8/20)/(3/a)?
2
Let q = 622 + -614. What is the tens digit of q/(-3)*290073/(-532)?
5
Let r(t) = t + 12. Let j be r(-9). Let u(f) = 32*f**3 - 55*f**3 + j - 5*f - 3*f**2 + 22*f**3. What is the units digit of u(-4)?
9
Let d(v) = 108*v**2 - 61*v + 230. What is the units digit of d(11)?
7
Suppose -t = 4*q + t - 172, 4*t + 172 = 4*q. Suppose q*k + 139 = 42*k. Let c = 319 + k. What is the units digit of c?
0
Let g be 0/(((-6)/(-2))/3). Suppose 27*k - 1483 - 20603 = g. What is the units digit of k?
8
Let t be (96/56)/((-2)/(-140)*4). What is the units digit of (45/(-12))/(t/(-1840))?
0
Suppose 0 = -3*p - 15 - 0, 33 = 2*t - 3*p. Suppose 4*n + 3 = 5*f, -f - 4*n = -t - 6. Suppose 11 = f*z - 343. What is the units digit of z?
8
Suppose 11 = -3*b - 2*y - 33, 2*b + 3*y = -31. Let v(l) be the third derivative of -7*l**4/12 + 43*l**3/6 - 7*l**2. What is the units digit of v(b)?
9
Let f(p) = 4*p - 49. Let d be f(13). Suppose -2*u = d*m - 0*m - 650, 2*m - 448 = -5*u. What is the hundreds digit of m?
2
Let w(d) = d**2 - 3*d - 12. Let b be w(-5). Let i = -23 + b. Suppose -2*a - h + 208 = 0, -a - i + 109 = -5*h. What is the hundreds digit of a?
1
Suppose -2*a - 3*f = -a + 70, -4*f = 12. Let l = a + 66. Suppose l*v - 2352 = -7*v. What is the tens digit of v?
9
Let o(l) = -3*l**2 - 50*l + 23. Let z be o(-12). Let t = z - -211. What is the tens digit of t?
0
Suppose 4 = -3*r + v + 17, -5*r + 21 = -2*v. Suppose p + 6075 = r*x - 2*p, -5*x - 2*p + 6075 = 0. What is the hundreds digit of x?
2
Let j(c) = c**2 + 16*c - 13. Let r be j(-17). Suppose r*m - 63 - 17 = 0. What is the hundreds digit of ((-48)/m)/6 + (-792)/(-5)?
1
Let h = -3612 + 9116. Let i = h + -3572. What is the hundreds digit of i?
9
Suppose 16*a - 20*a + 16 = 0. Suppose 2*b = -5*h + 7*b - 475, -384 = a*h - 5*b. Let r = 92 + h. What is the units digit of r?
1
Suppose 4*b - 619 = -5*f + 4*f, 0 = 2*b + 4*f - 292. 